*a - 3. List the prime factors of (i/3 - 0) + 11.
13
Let c be ((1 - 2) + 1)/3. Suppose 0 = z - 5*f + 22, c*z = 5*z - 4*f + 5. Let a = z + 3. What are the prime factors of a?
2, 3
Suppose -1524 - 1196 = -8*b. What are the prime factors of b?
2, 5, 17
Suppose 0 = -2*c - u + 10, 3*c + 4*u + 6 - 26 = 0. Let p(t) = -t**2 + 4*t - 2. Let s be p(3). Let o = c + s. List the prime factors of o.
5
Let k(y) be the first derivative of -y**3/3 - 2*y**2 + 5*y - 1. Let u be 68/(-18) + 6/(-27). List the prime factors of k(u).
5
List the prime factors of (-338)/(-6) + (-12)/(-18).
3, 19
Let s be -5*(-64)/(-30)*3. List the prime factors of 1/3 - s/3.
11
Suppose 2*l - 433 = z, -4*l - z = -24 - 845. What are the prime factors of l?
7, 31
Let a = -9 + 13. Suppose 4*j - 2*j + 2*y = 20, 0 = -3*j - a*y + 33. Let i = 12 - j. List the prime factors of i.
5
Let a be 6/(-8) - 33/(-12). Suppose -i - a = -2*i. What are the prime factors of -1 - 1*(-6)/i?
2
Let d(y) = -3*y**2 + 2*y. Let u be d(-4). Let k = -27 - u. What are the prime factors of k?
29
Let i(q) = -q - 8. Let h be i(8). Let g = -26 - h. List the prime factors of 8/g*(-15)/6.
2
Let g(o) = 12*o - 1. Let a be (6/(-9))/((-4)/6). What are the prime factors of g(a)?
11
Suppose -z = -4*z + 24. Let i = z + -5. Suppose -15 = -5*x, 3*h - 2*h = -i*x + 21. List the prime factors of h.
2, 3
Let y = -27 - -18. List the prime factors of 2/(-9) - 83/y.
3
Let r be (-2)/6 - 20/(-6). Suppose -3*q = r*n - 30, 2*n + 4 = 4*q - 0. List the prime factors of (-10)/(-4) - n/12.
2
Suppose 151 = 2*a + 11. List the prime factors of a.
2, 5, 7
Let h be (1/1 + 1)*-1. Let p(a) = -13*a**2 + 2*a + 9. Let k(g) = -7*g**2 + g + 5. Let j(v) = 11*k(v) - 6*p(v). What are the prime factors of j(h)?
7
Suppose 2*q - 12 - 28 = 0. Suppose -4*s = -q, 2*g = -2*g - 4*s + 216. List the prime factors of g.
7
List the prime factors of (-1738)/(-34) + 22/(-187).
3, 17
Suppose -b = -2*l, 4*b = 3*b - l - 9. List the prime factors of 21/(-1 + (-15)/b).
2, 7
Let l = -13 + 22. Suppose b - 9 = -5*d - 22, 4*d = -b - 11. List the prime factors of (-23)/b + (-6)/l.
7
Let v = -4 + 4. Let i = v - -5. List the prime factors of i.
5
Suppose -7*z = -4*z - 54. List the prime factors of z.
2, 3
List the prime factors of (-62)/(-3)*(15/(-10) + 3).
31
Suppose 1015 = 4*z + 287. List the prime factors of z.
2, 7, 13
Suppose -1194 = 23*i - 29*i. What are the prime factors of i?
199
Suppose 3*b = -2*v + 28 + 7, b - v = 10. Suppose b = x - 5. List the prime factors of x.
2
Suppose -2*o + 2*f = -6, o + 2*f = 6*f - 3. What are the prime factors of o?
5
Let j = 52 + -30. What are the prime factors of j?
2, 11
Let p(s) = s - 2. Let o be p(-4). Let i(c) = -c**2 - 8*c - 8. Let g be i(o). Suppose -3*y = -g*a + y, -5*a = 4*y - 18. What are the prime factors of a?
2
Suppose 2*g - 8*g + 2166 = 0. List the prime factors of g.
19
Suppose -n + 12 = 5*o, -n - 4*o = -4*n - 2. Suppose -n*i + i + 30 = 0. Let l = i - 18. List the prime factors of l.
2, 3
Let n be (3/(-3))/((-1)/3). Suppose -n*a = -0*r + r - 20, -4*r = 3*a - 35. List the prime factors of 62/r + 2/(-5).
2, 3
Suppose -3*o + 141 = 4*j - 69, 4*j + 2*o = 208. What are the prime factors of j?
3, 17
What are the prime factors of (-4)/(-8) - ((-1644)/8 + 3)?
7, 29
Let q(g) be the second derivative of -g**5/20 + g**4/3 + 7*g**3/6 - g**2/2 - 3*g. List the prime factors of q(5).
3
Suppose 492 = 5*o + p, -4*p - 126 = -4*o + 282. List the prime factors of o.
3, 11
Let c be 2*2/4 + 8. Suppose 3*x = 5*g - 10, -3*g + 1 = -x - c. List the prime factors of x.
5
List the prime factors of 12/32 + 522/16.
3, 11
Let o be -5*1/(1/(-6)). Suppose f = -f + o. Suppose f = r + 2. What are the prime factors of r?
13
Let g = -215 - -421. List the prime factors of g.
2, 103
Let u(o) = -o**2 - 3*o + 4. Let r be u(-4). Suppose -k - 8 + 35 = r. What are the prime factors of k?
3
Let x(l) be the first derivative of -l**4/4 + l**3/3 - l**2/2 + 26*l + 5. What are the prime factors of x(0)?
2, 13
Let k be 2/(6/27) - 4. Suppose -65 + 215 = k*w. What are the prime factors of w?
2, 3, 5
What are the prime factors of (-146)/(-4) - (-2)/4?
37
Let w(a) = 4 + 2*a - 2*a - a + 4*a. What are the prime factors of w(5)?
19
Let l be 4/(-12) - 2/(-6). Let i(w) = w**2 - 9*w + 6. Let t be i(8). List the prime factors of 11*(-2 + l)/t.
11
Let f be 3 + 1/(2 - 3). Suppose 0 = -f*j - j + 9. Suppose k + 0*k - 14 = j*n, -n + 2 = 3*k. What are the prime factors of k?
2
Suppose 2*o - 358 + 14 = -3*y, 4*o = y - 138. What are the prime factors of y?
2, 59
Let n(d) = d + 44. List the prime factors of n(17).
61
Let o(j) be the first derivative of j**3/3 + 2*j**2 + 6*j + 2. Let g(c) = -c**3 - 10*c**2 + 2*c + 15. Let i be g(-10). List the prime factors of o(i).
11
Suppose w = 3*l + 3*w - 379, 0 = 4*l + 3*w - 505. What are the prime factors of l?
127
Let b be (-4)/18 + (-582)/54. Let l(w) = w**2 + 9*w - 6. What are the prime factors of l(b)?
2
Suppose 1 = -y - 3, 4*n = 3*y - 36. What are the prime factors of (-104)/n + 2/6?
3
Suppose 5 = -g - q, -3 = -2*g - 4*q - 19. Let l be 6/10 + g/(-5). What are the prime factors of 2 - (l - 8/2)?
5
Suppose 2*s = -3*n + 12, 0 = s - 0*s. Suppose 0 = -n*y + 3 + 49. What are the prime factors of y?
13
Let z = -15 + 17. Suppose -l - 17 = -3*a + 2*a, -5*l + 48 = z*a. What are the prime factors of a?
19
Suppose -4*v - 2*x = -110, 5*v - 5*x - 73 - 102 = 0. Suppose 3*i = v + 6. Suppose 3*o + h = i, 0 = -4*o - 4*h + 10 + 14. What are the prime factors of o?
3
Let k = -49 - -101. Suppose 2*o - 12 - k = 0. What are the prime factors of o?
2
Let w be 1*-10*16/10. Let h = -3 - w. Suppose 2*o = 3*v + 17, -11 = -4*o - 4*v + h. What are the prime factors of o?
7
Let a = 281 - -10. What are the prime factors of a?
3, 97
Let j = 64 - 32. What are the prime factors of j?
2
Let y(w) = -w**3 - 7*w**2 - 10*w - 11. List the prime factors of y(-6).
13
Let g(d) be the second derivative of -5*d**3/6 + d**2 - 4*d. List the prime factors of g(-2).
2, 3
Let t(i) = -2*i**3 + 3*i**2 + i - 2. Let c be t(2). List the prime factors of 3 - (c - -3 - 13).
17
Let c(p) = p**3 - 7*p**2 + 4*p + 6. Suppose 0*o = -2*o + 14. What are the prime factors of c(o)?
2, 17
Let t(m) = 76*m**2 + m + 1. List the prime factors of t(-1).
2, 19
Let q(d) be the second derivative of d**4/12 - d**3/2 - 3*d**2 + 2*d. Let c be q(6). What are the prime factors of 186/c - 2/4?
3, 5
Suppose -6 = -0*m + 3*m, b = -5*m - 6. What are the prime factors of b?
2
Let g = -9 + -5. Let j be (-363)/(-15) + (-1)/5. Let a = g + j. What are the prime factors of a?
2, 5
Let t(k) = -k**2 - 11*k + 2. Let p be -8*(-2)/(-8)*5. List the prime factors of t(p).
2, 3
Let o = 5 - 8. Let v(w) = -w**3 - 3*w**2 - w - 1. List the prime factors of v(o).
2
Suppose 3*t + 5*z - 186 = 0, -7*z = -4*t - 3*z + 248. List the prime factors of t.
2, 31
Suppose 7*j + 12 - 810 = 0. List the prime factors of j.
2, 3, 19
Let h(u) = u + 1. Let y be 3 + 4/(4/1). What are the prime factors of h(y)?
5
Let a be (-8)/12*3/(-2). Let q be (2/(-4))/(2/(-8)). List the prime factors of a + 10 - (q + 0).
3
Let i(v) = -v**3 + 4*v**2 - v + 4. Let s be i(4). Let n be (1 + s/3)*-14. Let z = -10 - n. List the prime factors of z.
2
Let h(z) = 10*z - 27. What are the prime factors of h(11)?
83
Let q be (9 - 1)*1/2. Let p = q + 1. Suppose -p*x + 17 = -8. What are the prime factors of x?
5
Let n(f) = f**2 - 12*f + 11. What are the prime factors of n(12)?
11
Let a(i) = -i**3 + 11*i**2 + 6*i - 22. What are the prime factors of a(11)?
2, 11
Let w be -3*(-2 + (-69)/(-9)). Let j = w + 25. What are the prime factors of j?
2
Suppose x = -2*x + 6. Suppose 2*p - 34 = -4*r, p + 3*p + x*r - 68 = 0. Suppose -5*v + p + 13 = 0. List the prime factors of v.
2, 3
Let d = 78 + -32. Suppose -4*q + 2*q = -d. List the prime factors of q.
23
Suppose -5*j + 8 + 10 = 4*h, -5*j + 33 = -h. List the prime factors of j*((-52)/(-6))/2.
2, 13
Let a = -4 - -7. Suppose a*y = y + 8. Suppose 13 = y*w - 23. List the prime factors of w.
3
Suppose -2*m + 116 = -4*j, 3*j - 8*j - 146 = -3*m. Let n = j + 49. List the prime factors of n.
3, 7
Let u be 174/21 - (-4)/(-14). Suppose 0 = -2*s + u + 28. List the prime factors of s.
2, 3
Let z(g) = -2*g**3 + 11*g**2 + 6*g - 9. Let n(y) = -y**3. Let u(j) = -3*n(j) + z(j). Let v be u(